**2 - 6*r - 5. Let n(i) = l(i) - w(i). Is n(o) a multiple of 7?
True
Suppose -28 = 13*h - 15*h. Is h a multiple of 7?
True
Suppose 8 = -4*k + 16. Suppose -3*g + 0 = -9, 4*x - k*g - 222 = 0. Is 19 a factor of x?
True
Suppose -7 - 1 = 2*c. Let o = c + -2. Let j = 37 + o. Does 14 divide j?
False
Let h(s) = -s**3 + 5*s**2 + 5 - 4 - s**2. Let b(r) = r**2 - 3*r - 2. Let k be b(4). Does 3 divide h(k)?
True
Suppose 0 = 5*s - 3*s + n - 11, -5*n = 25. Let g = 40 + -10. Let m = s + g. Is 15 a factor of m?
False
Let l(x) = 8 + 2 + x - 3. Let o(i) = i**2 + 8*i + 14. Let a be o(-7). Is l(a) a multiple of 5?
False
Suppose -3*c + c = 4*s + 16, -5*c + 2*s - 40 = 0. Let k = c + 7. Let g(o) = -14*o**3 - 2*o**2 - o. Does 5 divide g(k)?
False
Let d = 2 + 54. Is d a multiple of 28?
True
Let t(w) = 6*w**2 + 2. Let b(h) = 11*h**2 + h + 4. Let x(n) = 3*b(n) - 5*t(n). Does 3 divide x(-2)?
False
Suppose -a + 70 = a. Suppose -w + a = 5*f, -87 = -3*w - 5*f + 38. Does 9 divide w?
True
Is 6 a factor of ((-18)/(-4) - 5)*-156?
True
Let b(v) be the first derivative of v**3/3 + v**2/2 + 4*v - 1. Suppose 5*t = t. Is 4 a factor of b(t)?
True
Let f(q) be the first derivative of -q**2 + q + 4. Let m be f(-1). Suppose 0 = -v - 0*o + 5*o, 0 = -4*v - m*o + 69. Is 10 a factor of v?
False
Let t = 21 - 14. Let x(q) = -q**3 + 7*q**2 + 11*q - 8. Does 23 divide x(t)?
True
Let q(a) = a**2 - 6*a + 7. Let i be q(5). Let j be (0/(-2))/(-3 + i). Suppose 2 = -j*k + k. Does 2 divide k?
True
Let l(s) be the second derivative of s**3/2 + s**2 - 6*s. Is 17 a factor of l(5)?
True
Suppose 4*w - 22 - 18 = 0. Does 5 divide w?
True
Let b = 29 - 29. Suppose -t = -2*j - 35, t + b*j - 44 = -j. Does 22 divide t?
False
Let q(y) = -2*y**3 + 1. Suppose -4*m = -2*o + 14, 0 = 4*m + 3*o + 5 - 16. Is q(m) a multiple of 3?
True
Suppose -128 = 3*k + 157. Let n = -43 - k. Is n a multiple of 31?
False
Let p(i) = i**3 + i**2 - i + 5. Let m be 1/(3/(-27)*-3). Let v = -3 + m. Is 5 a factor of p(v)?
True
Let z(r) = 2*r**3 + 2*r**2 - 12. Is z(4) a multiple of 37?
True
Is 13 a factor of (-1962)/(-30) + 4/(-10)?
True
Suppose -2*q + f = -2*f - 8, -q - 5*f + 17 = 0. Is 7 a factor of q?
True
Suppose -3*k - 4*v = -84 - 165, -5*v = 0. Let m = k - 35. Is m a multiple of 24?
True
Let c(n) = -4*n. Let g(u) = -u - 1. Let a(q) = -c(q) - 3*g(q). Is a(3) a multiple of 7?
False
Let l = -6 + 2. Is l*6*4/(-6) a multiple of 8?
True
Let l = 14 + -9. Suppose y = -l*z + 3*y + 183, 0 = -4*z + 4*y + 156. Is 19 a factor of z?
False
Let a be 12/9*6/4. Suppose -4*o + 2*w = -288, a*w + 366 = 5*o - 2*w. Is 15 a factor of o?
False
Let f = 13 + 39. Is f a multiple of 26?
True
Suppose 9 = 5*h + f, h + f = -2 + 3. Let p(s) = 7 + 1 + s + s**h - 6*s. Is 17 a factor of p(9)?
False
Suppose o - 23 - 13 = 0. Is o a multiple of 11?
False
Suppose 4*m + 5 = -m. Does 16 divide 2 + m/(-1) - -16?
False
Let m(p) = 4*p**3 - 2*p**2 + p. Let l be m(1). Suppose -4*n - l*v = -297, -3*n + 5*n - 2*v = 166. Is 26 a factor of n?
True
Let w(h) = -2*h**3 + 5*h**2 - h + 2. Let l be w(4). Does 5 divide (l/15)/(2/(-6))?
True
Suppose -6*q - 10 = -q. Let b be 24/(-15) + q/5. Is 24 a factor of (-138)/(1/(b/4))?
False
Let o(i) = 14*i + 1. Let w be o(-3). Let b = w + 88. Let x = b + -28. Is x a multiple of 11?
False
Let o(j) = j**3 + 6*j**2 - 8*j - 5. Let y be o(-7). Let r(b) = 4*b**2 + 9*b + 4. Let k be r(-4). Suppose 2*g = -2*h - y*g + k, 35 = 2*h + g. Is 6 a factor of h?
True
Let l = 29 + 24. Suppose 3*m + l + 1 = 0. Let p = m + 36. Is p a multiple of 6?
True
Let r be (12/4)/(1/46). Suppose 8*c - 10*c = -r. Does 17 divide c/2 - 5/10?
True
Suppose 2 - 18 = -4*t - a, -t - 5*a - 15 = 0. Suppose 7*b = 2*b + 3*i + 52, 2*b - t*i = 17. Is 11 a factor of b?
True
Let g(b) = b**2 + b + 1. Let d be g(0). Suppose 5*t - 5*w = 20, -3*t = -4*t + 2*w - d. Suppose -l - t = -28. Is l a multiple of 9?
False
Suppose -25 - 75 = -5*j. Suppose 0 = 2*b + 2*b - j. Suppose 5*u + 0*l = 2*l + 61, 0 = -b*u - l + 67. Is 13 a factor of u?
True
Suppose 0 = v + 3 - 52. Suppose -485 = -5*t + 5*r, v = -t - 5*r + 134. Suppose -15 = 4*g - t. Does 10 divide g?
True
Suppose 4*t - 480 = -k, 10*t - 600 = 5*t - 4*k. Suppose -3*l + 4 = -3*z - 74, 5*l - 3*z = t. Is l a multiple of 7?
True
Suppose c + 24 = -3*z, 0*z = -4*z. Let i = c + 34. Is i a multiple of 10?
True
Let y(t) be the second derivative of 13*t**4/12 + t**3/6 + 3*t. Does 12 divide y(-1)?
True
Let n = -2 - -4. Let g be ((-4)/3)/(n/(-3)). Suppose 4*o = -g*b + 96, 32 = 2*o - 2*b - 28. Does 10 divide o?
False
Let n be 2/1*18/4. Let c = 2 + -5. Let u = c + n. Does 6 divide u?
True
Let s be ((-69)/4)/((-3)/8). Suppose 3*q + o = 27, 2*q - s = -2*q + 2*o. Is q a multiple of 10?
True
Let i(u) = -u + 6. Let w be i(7). Is w/(-4) + 175/4 a multiple of 22?
True
Let k be ((-143)/39)/((-2)/(-6)). Is 32 a factor of (8/(-5))/(k/440)?
True
Let d be 4 + (-2)/6*-3. Suppose o - 16 = 2*a, -3*a - d*o = 6 + 5. Let t(s) = s**2 + 6*s. Is t(a) a multiple of 3?
False
Let v be (108/(-15))/(1/(-20)). Suppose 8*b - v = 4*b. Is b a multiple of 18?
True
Let r = -7 + 3. Let s be r*(-3)/6 + -10. Let l = s - -13. Is l even?
False
Let o(v) = v - 8. Suppose 3*a = -a + 40. Let j be o(a). Is 9 a factor of j/(-5) - 141/(-15)?
True
Suppose -m = -5*s - 2, 90 = 2*m + 3*m - 5*s. Is 11 a factor of m?
True
Suppose 3*i - 43 = 17. Is i even?
True
Let l(p) = -6*p + p**2 + 1 - 4 - 2*p**2. Is 2 a factor of l(-4)?
False
Suppose 34 = 2*k + 296. Let f = k + 209. Suppose 2*j = -0*j + f. Is j a multiple of 18?
False
Let w = 10 - 15. Let q(a) = -a - 5. Let r be q(w). Suppose 3*m - 6*m + 54 = r. Is m a multiple of 9?
True
Suppose -9 = 5*p + 16. Let o(l) = -21*l + 4. Let r be o(p). Let c = r - 72. Is c a multiple of 14?
False
Suppose 2 = 2*v - 10. Suppose -v = -4*a + 2. Suppose a*g + g - 96 = 0. Is g a multiple of 16?
True
Suppose h - 2 = 3. Let w be 6/(-4)*88/(-3). Suppose h*s - w = 61. Is s a multiple of 15?
False
Suppose -13 = 4*n + 11. Let g(a) = a**2 + 8*a. Let c be g(n). Is 8 a factor of c*(-2)/4*3?
False
Let p(i) = -i + 10. Let k be p(7). Suppose -6 = -k*j + 6. Suppose -j*o - 2*b - 3*b = -156, 0 = -o + 3*b + 39. Is 13 a factor of o?
True
Let k(t) = -t**3 - 6*t**2 - 2*t - 5. Let z be k(-6). Suppose -g = -l - 7, 0*l - 3*l = 2*g + 1. Suppose 0 = g*n + h - 32, -3*n + z = 2*h - 12. Does 9 divide n?
True
Suppose -2*g - 31 = -87. Does 14 divide g?
True
Let s be 1/1*(3 + -1). Suppose 19 - s = v. Does 7 divide v?
False
Suppose 0 = 2*f - 8, -f - 1 = -4*d - 5. Suppose -6*r + 2*r + 36 = d. Is 9 a factor of r?
True
Let w(i) = -4 + 5 + 16*i + 0. Let c(m) = -m**3 + 3*m**2 + 5*m - 2. Let b be c(4). Is 23 a factor of w(b)?
False
Let g = -1 + 5. Suppose 4*a + 5*v = 244, g*a - 3*v = -0*v + 276. Suppose 14 + a = 4*w. Is w a multiple of 11?
False
Let i = -45 + 99. Does 18 divide i?
True
Suppose -5*z - 17 = g, 24 = -g + 3*z - 25. Let q be (-2)/(3/(-3)) - g. Is q - -3 - (1 + -1) a multiple of 21?
True
Suppose 5*j + z = -105, 64 = 3*j - 5*j + 4*z. Let q = j + 41. Is q a multiple of 5?
False
Let p be (3 - -2)*24/20. Suppose 3*b - j = -20, b = -p*j + j - 28. Let g = b + 16. Is 8 a factor of g?
True
Suppose f + 51 = 2*c - 49, 5*f - 220 = -5*c. Does 12 divide c?
True
Suppose q = 3*q + 20. Does 9 divide (1 + -19)/(5/q)?
True
Let n = -4 + 2. Is 6 a factor of (-3 - -4)/(n/(-46))?
False
Let w = 3 + -6. Let u be ((-2)/4)/(w/750). Suppose -5*m = 5*n - u - 75, 8 = 2*n. Is m a multiple of 18?
True
Suppose 4*c - 3*c - 3 = 0. Let t(k) = -k**3 + k**2 - 2*k + 3*k + 38 + 2*k**c. Is t(0) a multiple of 19?
True
Let n be ((-1)/2)/(1/(-40)). Let y = n - -16. Does 18 divide y?
True
Suppose -3*n = 2*n - 45. Is 3 a factor of n?
True
Let u(w) be the third derivative of -w**6/120 - w**5/20 + w**4/12 - w**3 - 2*w**2. Is u(-5) a multiple of 20?
False
Let j be 5 + -1 + -1 - -7. Is 5*(98/j - 3) a multiple of 15?
False
Suppose 4*b - 50 = -5*l, -3*b + 15 = -4*l - 7. Suppose -5*m + b = -70. Does 6 divide m?
False
Let n(z) = -1 + 0*z**3 + z**3 - 1 - z**2. Let b be n(0). Does 4 divide b + 0 + (4 - -2)?
True
Let f(o) = -10*o + 2. Is 17 a factor of f(-4)?
False
Suppose 9*h = 4*h + 130. Let z = h - -2. Does 7 divide z?
True
Let o = -2 + 2. Suppose -4*i = -o*h + 3*h - 77, -71 = -4*h + i. Is 18 a factor of h?
False
Let l = -132 - -312. Is 15 a factor of l?
True
Let k be (-48